{"id":13,"date":"2016-12-04T09:20:20","date_gmt":"2016-12-04T09:20:20","guid":{"rendered":"http:\/\/fontteri.fi\/wpKoti\/?page_id=13"},"modified":"2016-12-05T18:00:42","modified_gmt":"2016-12-05T18:00:42","slug":"koysityot","status":"publish","type":"page","link":"https:\/\/fontteri.fi\/wpKoti\/?page_id=13","title":{"rendered":"K\u00f6ysity\u00f6t"},"content":{"rendered":"<div class=\"container\">\n<div class=\"row\">\n<div class=\"col-sm-8 col-sm-offset-2\">\nVuosikymmenten veneily kokemuksella voimme tarjota my\u00f6s erin\u00e4isi\u00e4 k\u00f6ysit\u00f6it\u00e4:<\/p>\n<ul>\n<li>Solmutaulut<\/li>\n<li>Pleissaukset<\/li>\n<li>Taakelit eli rihmaukset k\u00f6ysien p\u00e4ihin, n\u00e4in saadaan estetty\u00e4 k\u00f6ysien purkaantuminen <\/li>\n<li>K\u00f6ysifendarit<\/li>\n<li>Kiinnitysk\u00f6ydet omien mittojen mukaan<\/li>\n<li>Lis\u00e4ksi erin\u00e4isi\u00e4 erikoispunoksia mm. Handy-Duck poijuhakaan stroppu, joka helpottaa ennest\u00e4\u00e4n helpon poijuhaan k\u00e4ytt\u00f6\u00e4<\/li>\n<\/ul>\n<p>T\u00e4ydenn\u00e4mme listaa, valokuvin varustettuna.\n<\/p><\/div>\n<\/div>\n<\/div>\n","protected":false},"excerpt":{"rendered":"<p>Vuosikymmenten veneily kokemuksella voimme tarjota my\u00f6s erin\u00e4isi\u00e4 k\u00f6ysit\u00f6it\u00e4: Solmutaulut Pleissaukset Taakelit eli rihmaukset k\u00f6ysien p\u00e4ihin, n\u00e4in saadaan estetty\u00e4 k\u00f6ysien purkaantuminen K\u00f6ysifendarit Kiinnitysk\u00f6ydet omien mittojen mukaan Lis\u00e4ksi erin\u00e4isi\u00e4 erikoispunoksia mm. Handy-Duck poijuhakaan stroppu, joka helpottaa ennest\u00e4\u00e4n helpon poijuhaan k\u00e4ytt\u00f6\u00e4 T\u00e4ydenn\u00e4mme listaa, valokuvin varustettuna.<\/p>\n","protected":false},"author":1,"featured_media":0,"parent":0,"menu_order":0,"comment_status":"closed","ping_status":"closed","template":"page.php","meta":{"footnotes":""},"class_list":["post-13","page","type-page","status-publish","hentry"],"_links":{"self":[{"href":"https:\/\/fontteri.fi\/wpKoti\/index.php?rest_route=\/wp\/v2\/pages\/13","targetHints":{"allow":["GET"]}}],"collection":[{"href":"https:\/\/fontteri.fi\/wpKoti\/index.php?rest_route=\/wp\/v2\/pages"}],"about":[{"href":"https:\/\/fontteri.fi\/wpKoti\/index.php?rest_route=\/wp\/v2\/types\/page"}],"author":[{"embeddable":true,"href":"https:\/\/fontteri.fi\/wpKoti\/index.php?rest_route=\/wp\/v2\/users\/1"}],"replies":[{"embeddable":true,"href":"https:\/\/fontteri.fi\/wpKoti\/index.php?rest_route=%2Fwp%2Fv2%2Fcomments&post=13"}],"version-history":[{"count":16,"href":"https:\/\/fontteri.fi\/wpKoti\/index.php?rest_route=\/wp\/v2\/pages\/13\/revisions"}],"predecessor-version":[{"id":83,"href":"https:\/\/fontteri.fi\/wpKoti\/index.php?rest_route=\/wp\/v2\/pages\/13\/revisions\/83"}],"wp:attachment":[{"href":"https:\/\/fontteri.fi\/wpKoti\/index.php?rest_route=%2Fwp%2Fv2%2Fmedia&parent=13"}],"curies":[{"name":"wp","href":"https:\/\/api.w.org\/{rel}","templated":true}]}}